{"id":3018,"date":"2023-11-13T10:58:28","date_gmt":"2023-11-13T10:58:28","guid":{"rendered":"https:\/\/jantar-morze.pl\/club-plaza\/?page_id=3018"},"modified":"2023-11-13T11:55:38","modified_gmt":"2023-11-13T11:55:38","slug":"blog-de","status":"publish","type":"page","link":"https:\/\/jantar-morze.pl\/club-plaza\/de\/blog-de\/","title":{"rendered":"blog-de"},"content":{"rendered":"\t\t<div data-elementor-type=\"wp-page\" data-elementor-id=\"3018\" class=\"elementor elementor-3018\" data-elementor-post-type=\"page\">\n\t\t\t\t\t\t\t\t\t<section class=\"elementor-section elementor-top-section elementor-element elementor-element-9ea1d2c elementor-section-full_width elementor-section-height-default elementor-section-height-default\" data-id=\"9ea1d2c\" data-element_type=\"section\">\n\t\t\t\t\t\t<div class=\"elementor-container elementor-column-gap-no\">\n\t\t\t\t\t<div class=\"elementor-column elementor-col-100 elementor-top-column elementor-element elementor-element-df13d72\" data-id=\"df13d72\" data-element_type=\"column\">\n\t\t\t<div class=\"elementor-widget-wrap elementor-element-populated\">\n\t\t\t\t\t\t\t\t<div class=\"elementor-element elementor-element-b66afdd elementor-widget elementor-widget-samantha-intro-started\" data-id=\"b66afdd\" data-element_type=\"widget\" data-widget_type=\"samantha-intro-started.default\">\n\t\t\t\t<div class=\"elementor-widget-container\">\n\t\t\t\n\t\t<section class=\"hero-blog gap\" style=\"background-image: url('https:\/\/jantar-morze.pl\/club-plaza\/wp-content\/uploads\/2022\/10\/blur.png');\" data-aos=\"fade-up\" data-aos-delay=\"200\" data-aos-duration=\"400\">\n\t\t\t<div class=\"container\">\n\t\t\t\t<div class=\"content\">\n\t\t\t\t\t\t\t\t\t\t\t\t\t\t\t<h2>\n\t\t\t\t\t\t<span >\n\t\t\t\t\t\t\tGESUNDE TIPPS UND TRICKS\t\t\t\t\t\t<\/span>\n\t\t\t\t\t<\/h2>\n\t\t\t\t\t\t\t\t\t\t\t\t\t\t\t<p>\n\t\t\t\t\t\t<span >\n\t\t\t\t\t\t\tUnser Blog enth\u00e4lt eine F\u00fclle von n\u00fctzlichen Informationen zu allen Aspekten einer gesunden Lebensweise\t\t\t\t\t\t<\/span>\n\t\t\t\t\t<\/p>\n\t\t\t\t\t\t\t\t\t<\/div>\n\t\t\t<\/div>\n\t\t<\/section>\n\n\t\t\t\t<\/div>\n\t\t\t\t<\/div>\n\t\t\t\t\t<\/div>\n\t\t<\/div>\n\t\t\t\t\t\t\t<\/div>\n\t\t<\/section>\n\t\t\t\t<section class=\"elementor-section elementor-top-section elementor-element elementor-element-902274a elementor-section-full_width elementor-section-height-default elementor-section-height-default\" data-id=\"902274a\" data-element_type=\"section\">\n\t\t\t\t\t\t<div class=\"elementor-container elementor-column-gap-no\">\n\t\t\t\t\t<div class=\"elementor-column elementor-col-100 elementor-top-column elementor-element elementor-element-3eff824\" data-id=\"3eff824\" data-element_type=\"column\">\n\t\t\t<div class=\"elementor-widget-wrap elementor-element-populated\">\n\t\t\t\t\t\t\t\t<div class=\"elementor-element elementor-element-f933d5a elementor-widget elementor-widget-samantha-blog-grid\" data-id=\"f933d5a\" data-element_type=\"widget\" data-widget_type=\"samantha-blog-grid.default\">\n\t\t\t\t<div class=\"elementor-widget-container\">\n\t\t\t\n\t<section class=\"blog-one gap\" >\n\t\t<div class=\"container\">\n\t\t\t\t\t\t<div class=\"row align-items-center  attr-author-false attr-comments-false attr-share-counts-false\">\n\n\t\t\t\t\n\n\n<div class=\"col-lg-6 p-0 col-md-12 col-sm-12\" data-aos=\"fade-right\" data-aos-delay=\"200\" data-aos-duration=\"400\">\n\t<div class=\"blog-img hover-style\">\n\t\t\t\t<figure>\n\t\t\t<a href=\"https:\/\/jantar-morze.pl\/club-plaza\/2023\/10\/10\/dieta-keto-mity-i-rzeczywistosc\/\"><img decoding=\"async\" src=\"https:\/\/jantar-morze.pl\/club-plaza\/wp-content\/uploads\/2023\/10\/keto-diet-concept-healthy-food-for-keto-diet-gree-2022-12-11-23-53-17-utc-1920x1280.jpg\" alt=\"Dieta keto: mity i rzeczywisto\u015b\u0107\" \/><\/a>\n\t\t<\/figure>\n\t\t\t\t\t\t<span>\n\t\t\t\t\t\t<span>Informacje og\u00f3lne<\/span>\n\t\t\t\t\t<\/span>\n\t\t\t<\/div>\n<\/div>\n<div class=\"col-lg-6 p-0 col-md-12 col-sm-12\" data-aos=\"fade-left\" data-aos-delay=\"300\" data-aos-duration=\"500\">\n\t<div class=\"title-blog\">\n\t\t<h3><a href=\"https:\/\/jantar-morze.pl\/club-plaza\/2023\/10\/10\/dieta-keto-mity-i-rzeczywistosc\/\">Dieta keto: mity i rzeczywisto\u015b\u0107<\/a><\/h3>\n\t\t<div class=\"blog-card\">\n\t\t\t<p>W ostatnich latach dieta ketogeniczna, czyli dieta keto, sta\u0142a si\u0119 prawdziwym trendem w \u015bwiecie zdrowego od\u017cywiania. Wok\u00f3\u0142 niej powsta\u0142o wiele.. <span class=\"smth-el-more\"><a href=\"https:\/\/jantar-morze.pl\/club-plaza\/2023\/10\/10\/dieta-keto-mity-i-rzeczywistosc\/\" class=\"smth-readmore\">Read more<i class=\"fas fa-arrow-right\"><\/i><\/a><\/span><\/p>\n\t\t\t<div class=\"Post-details blog\">\n\t\t\t\t<h5><span>By<\/span> admin<\/h5>\n\t\t\t\t<h6><i class=\"far fa-calendar-alt\"><\/i>October 10, 2023<\/h6>\n\t\t\t\t<div class=\"h6\"><i class=\"fas fa-share\"><\/i>[shared_counts]<\/div>\n\t\t\t\t<h6><i class=\"far fa-comment-alt\"><\/i>No Comments<\/h6>\n\t\t\t<\/div>\n\t\t<\/div>\n\t<\/div>\n<\/div>\n\n\n\n\n<div class=\"col-lg-6 p-0 col-md-12 col-sm-12\" data-aos=\"fade-right\" data-aos-delay=\"200\" data-aos-duration=\"400\">\n\t<div class=\"blog-img hover-style\">\n\t\t\t\t<figure>\n\t\t\t<a href=\"https:\/\/jantar-morze.pl\/club-plaza\/2022\/10\/21\/how-diet-influences-flexibility\/\"><img decoding=\"async\" src=\"https:\/\/jantar-morze.pl\/club-plaza\/wp-content\/uploads\/2022\/10\/ketogenic-low-carbs-diet-food-selection-white-wall.jpeg\" alt=\"Od\u017cywianie podczas diety ketonowej: kluczowe zasady\" \/><\/a>\n\t\t<\/figure>\n\t\t\t\t\t\t<span>\n\t\t\t\t\t\t<span>Od\u017cywianie<\/span>\n\t\t\t\t\t<\/span>\n\t\t\t<\/div>\n<\/div>\n<div class=\"col-lg-6 p-0 col-md-12 col-sm-12\" data-aos=\"fade-left\" data-aos-delay=\"300\" data-aos-duration=\"500\">\n\t<div class=\"title-blog\">\n\t\t<h3><a href=\"https:\/\/jantar-morze.pl\/club-plaza\/2022\/10\/21\/how-diet-influences-flexibility\/\">Od\u017cywianie podczas diety ketonowej: kluczowe zasady<\/a><\/h3>\n\t\t<div class=\"blog-card\">\n\t\t\t<p>Ketogeniczna dieta, zwana potocznie diet\u0105 keto, sta\u0142a si\u0119 jednym z najpopularniejszych program\u00f3w dietetycznych w ostatnich latach, dzi\u0119ki swojej skuteczno\u015bci i.. <span class=\"smth-el-more\"><a href=\"https:\/\/jantar-morze.pl\/club-plaza\/2022\/10\/21\/how-diet-influences-flexibility\/\" class=\"smth-readmore\">Read more<i class=\"fas fa-arrow-right\"><\/i><\/a><\/span><\/p>\n\t\t\t<div class=\"Post-details blog\">\n\t\t\t\t<h5><span>By<\/span> admin<\/h5>\n\t\t\t\t<h6><i class=\"far fa-calendar-alt\"><\/i>October 21, 2022<\/h6>\n\t\t\t\t<div class=\"h6\"><i class=\"fas fa-share\"><\/i>[shared_counts]<\/div>\n\t\t\t\t<h6><i class=\"far fa-comment-alt\"><\/i>No Comments<\/h6>\n\t\t\t<\/div>\n\t\t<\/div>\n\t<\/div>\n<\/div>\n\n\n\n\n<div class=\"col-lg-6 p-0 col-md-12 col-sm-12\" data-aos=\"fade-right\" data-aos-delay=\"200\" data-aos-duration=\"400\">\n\t<div class=\"blog-img hover-style\">\n\t\t\t\t<figure>\n\t\t\t<a href=\"https:\/\/jantar-morze.pl\/club-plaza\/2022\/10\/21\/7-tips-for-effective-practice\/\"><img decoding=\"async\" src=\"https:\/\/jantar-morze.pl\/club-plaza\/wp-content\/uploads\/2023\/01\/breakfast-healthy-open-sandwich-toast-with-avocado-salmon-boiled-eggs-herbs-chia-seeds-white-plate-with-copy-space-healthy-protein-food.jpeg\" alt=\"Dieta keto w walce z chorobami: naukowe spojrzenie\" \/><\/a>\n\t\t<\/figure>\n\t\t\t\t\t\t<span>\n\t\t\t\t\t\t<span>Informacje og\u00f3lne<\/span>\n\t\t\t\t\t<\/span>\n\t\t\t<\/div>\n<\/div>\n<div class=\"col-lg-6 p-0 col-md-12 col-sm-12\" data-aos=\"fade-left\" data-aos-delay=\"300\" data-aos-duration=\"500\">\n\t<div class=\"title-blog\">\n\t\t<h3><a href=\"https:\/\/jantar-morze.pl\/club-plaza\/2022\/10\/21\/7-tips-for-effective-practice\/\">Dieta keto w walce z chorobami: naukowe spojrzenie<\/a><\/h3>\n\t\t<div class=\"blog-card\">\n\t\t\t<p>Ketogeniczna dieta, pierwotnie opracowana dla leczenia dzieci z epilepsj\u0105, dzi\u015b zdoby\u0142a \u015bwiatow\u0105 popularno\u015b\u0107 dzi\u0119ki potencjalnym w\u0142a\u015bciwo\u015bciom leczniczym w wielu schorzeniach&#8230; <span class=\"smth-el-more\"><a href=\"https:\/\/jantar-morze.pl\/club-plaza\/2022\/10\/21\/7-tips-for-effective-practice\/\" class=\"smth-readmore\">Read more<i class=\"fas fa-arrow-right\"><\/i><\/a><\/span><\/p>\n\t\t\t<div class=\"Post-details blog\">\n\t\t\t\t<h5><span>By<\/span> admin<\/h5>\n\t\t\t\t<h6><i class=\"far fa-calendar-alt\"><\/i>October 21, 2022<\/h6>\n\t\t\t\t<div class=\"h6\"><i class=\"fas fa-share\"><\/i>[shared_counts]<\/div>\n\t\t\t\t<h6><i class=\"far fa-comment-alt\"><\/i>No Comments<\/h6>\n\t\t\t<\/div>\n\t\t<\/div>\n\t<\/div>\n<\/div>\n\n\n\t\t\t\t\t\t\t\t<div class=\"pagination\">\n\t\t\t\t\t\t\t\t<\/div>\n\t\t\t\t\n\t\t\t\t\n\t\t\t\t\t\t\t<\/div>\n\t\t\t\t\t<\/div>\n\t<\/section>\n\n\t\t\t<\/div>\n\t\t\t\t<\/div>\n\t\t\t\t\t<\/div>\n\t\t<\/div>\n\t\t\t\t\t\t\t<\/div>\n\t\t<\/section>\n\t\t\t\t\t\t\t<\/div>\n\t\t","protected":false},"excerpt":{"rendered":"<p>GESUNDE TIPPS UND TRICKS Unser Blog enth\u00e4lt eine F\u00fclle von n\u00fctzlichen Informationen zu allen Aspekten einer gesunden Lebensweise Informacje og\u00f3lne.. <span class=\"smth-el-more\"><a href=\"https:\/\/jantar-morze.pl\/club-plaza\/2022\/10\/21\/7-tips-for-effective-practice\/\" class=\"smth-readmore\">Read more<i class=\"fas fa-arrow-right\"><\/i><\/a><\/span><\/p>\n","protected":false},"author":1,"featured_media":0,"parent":0,"menu_order":0,"comment_status":"closed","ping_status":"closed","template":"template-layout-builder.php","meta":{"inline_featured_image":false,"footnotes":""},"class_list":["post-3018","page","type-page","status-publish","hentry"],"acf":[],"_links":{"self":[{"href":"https:\/\/jantar-morze.pl\/club-plaza\/wp-json\/wp\/v2\/pages\/3018","targetHints":{"allow":["GET"]}}],"collection":[{"href":"https:\/\/jantar-morze.pl\/club-plaza\/wp-json\/wp\/v2\/pages"}],"about":[{"href":"https:\/\/jantar-morze.pl\/club-plaza\/wp-json\/wp\/v2\/types\/page"}],"author":[{"embeddable":true,"href":"https:\/\/jantar-morze.pl\/club-plaza\/wp-json\/wp\/v2\/users\/1"}],"replies":[{"embeddable":true,"href":"https:\/\/jantar-morze.pl\/club-plaza\/wp-json\/wp\/v2\/comments?post=3018"}],"version-history":[{"count":4,"href":"https:\/\/jantar-morze.pl\/club-plaza\/wp-json\/wp\/v2\/pages\/3018\/revisions"}],"predecessor-version":[{"id":3058,"href":"https:\/\/jantar-morze.pl\/club-plaza\/wp-json\/wp\/v2\/pages\/3018\/revisions\/3058"}],"wp:attachment":[{"href":"https:\/\/jantar-morze.pl\/club-plaza\/wp-json\/wp\/v2\/media?parent=3018"}],"curies":[{"name":"wp","href":"https:\/\/api.w.org\/{rel}","templated":true}]}}